3*i - 1. What is the remainder when u(l) is divided by b(-2)?
24
Suppose v = 39 + 7. What is the remainder when 366 is divided by v?
44
Calculate the remainder when 3*7 - (32 + -26) is divided by 2 - -6 - (-3 - (1 - 3)).
6
Suppose -y + 11 = -3*p, -1 = 4*y + 3*p - 0. Suppose 0 = y*m + 5*h - 3 - 0, 3*h + 54 = 5*m. Calculate the remainder when 28 is divided by m.
1
Let r be (-3*1)/(21/(-28)). Calculate the remainder when r - (-1 - -2)*-103 is divided by 28.
23
Let d = 64 - 17. Let h(w) = w**3 - 10*w**2 + 8*w + 16. Let g be h(9). Suppose g*o - 80 = 2*o. What is the remainder when d is divided by o?
15
Let v be (60/(-4))/(-3) + 0. Suppose -10 = -v*i + 5. What is the remainder when i is divided by 2?
1
Suppose -3*t - 4 = 4*p, 4*t + p + 4*p + 5 = 0. Suppose 2*j - 12 = -t. What is the remainder when 678/22 + j/33 is divided by 8?
7
Let s(f) = 13*f - 6*f**2 - 6*f - 4 + f**3 + 0*f**3 + f. What is the remainder when 20 is divided by s(5)?
9
Suppose -21 = -3*s + 30. Calculate the remainder when 80 is divided by s.
12
Suppose 3*a = 3*z + a - 19, -25 = -4*z + 3*a. Calculate the remainder when 118 is divided by z.
6
Suppose 3*x + 3*x - 18 = 0. Suppose 2*z + 32 = c, x*z + 5*c + 25 + 23 = 0. Let m = 58 + z. What is the remainder when m is divided by 11?
9
Suppose 5*p + 31 = 96. Calculate the remainder when (120/180)/((-4)/(-378)) is divided by p.
11
Suppose 4*g = -2*t + 6, -g = -t - 4 - 2. Calculate the remainder when -6 + (-9 - (-110)/5) is divided by g.
1
Suppose 10 = -2*m, m + 3 + 11 = 3*y. Suppose -y*l + 2 = -1. Suppose 3*q + l - 10 = 0. Calculate the remainder when 11 is divided by q.
2
Suppose 0 = 46*j - 9*j - 4662. Calculate the remainder when j is divided by 16.
14
Let p(b) = 5*b - 17. Let d be 4*1/(2*(-2)/(-8)). What is the remainder when 66 is divided by p(d)?
20
Suppose 130*y = 129*y + 4. Suppose -78 = y*v - 274. What is the remainder when v is divided by 10?
9
Let u(m) = 2*m**2 - 11*m + 31. What is the remainder when 127 is divided by u(4)?
13
Let f = 7 + 3. Calculate the remainder when (23 + 2)*(6 - 10/2) is divided by f.
5
Let j be -4 + (0 - -6) + 2. Suppose -s = j*s - u - 41, -20 = -4*s + 4*u. What is the remainder when 51 is divided by s?
6
Let r be ((-100)/(-12))/((-1)/(-3)). Suppose -q + r = -2. Calculate the remainder when 78 is divided by q.
24
Let h = 5112 - 5085. Suppose 1 = b - 3. Suppose b*s - 44 = -3*g, -s - 4 = -g - 22. Calculate the remainder when h is divided by s.
13
Calculate the remainder when 2 + -1*(-10 + -1) is divided by ((-21)/42 - (-1)/(-2))*-7.
6
Suppose -4*f + 89 = -5*l, -9*f + 3*l = -5*f - 87. What is the remainder when 312 is divided by f?
18
Let r = 6 + -21. Let z = -17 - r. What is the remainder when 32 is divided by 3/6*(24 + z)?
10
Let d(k) = -5*k + 20. Let j be d(3). Suppose -3*u + 3*t - j*t = -506, 2*t = -5*u + 846. Calculate the remainder when u is divided by 43.
41
Let x(p) = -p**2 - 11*p - 17. What is the remainder when 16 is divided by x(-7)?
5
Suppose 179 = 5*s + 2*b - 705, -2*s + 346 = -3*b. Let y(h) = -13*h - 3. What is the remainder when s is divided by y(-3)?
32
Let y be ((-295)/5)/((2 - 0) + -3). Let f = y + 3. What is the remainder when f is divided by 32?
30
Let n be (-4 - (-2 + -3)) + 5. Calculate the remainder when 52 is divided by (-1)/3*(-198)/n.
8
What is the remainder when (16/14)/(-7 + (-19365)/(-2765)) is divided by 67?
48
Calculate the remainder when ((-6750)/200)/((-1)/4) is divided by 14.
9
Let g = -1292 - -1669. Calculate the remainder when g is divided by 19.
16
Let t = 2785 - 2763. Let j(f) = 38*f**2. What is the remainder when j(-1) is divided by t?
16
Suppose -h - h = -28. Let j(u) = -u**3 + 18*u**2 - 15*u - 30. Calculate the remainder when h is divided by j(17).
2
Let i(o) = -o**2 - 9*o - 32. Let g be i(-15). Let q = g + 226. What is the remainder when q is divided by 35?
34
Let j(b) = 6*b**3 - 3*b**2 - b + 3. What is the remainder when 72 is divided by j(2)?
35
Let t = 126 - -53. What is the remainder when t is divided by 62?
55
Let k be (-4)/(6/(-3)) - -1. Suppose -9 + k = -2*r. Suppose -10*f = -14*f + 8. What is the remainder when r is divided by f?
1
Suppose -15*u - 56 = -251. Calculate the remainder when ((-15)/(-12))/((-2)/(-72)) is divided by u.
6
Let r(s) = 2*s**2 + 3*s + 2. Let j be r(-2). Suppose -j*o + 4*b = 48, 0*o + o + 27 = -4*b. Let f = 33 + o. What is the remainder when 35 is divided by f?
17
Suppose -8*d + 1935 = d. Calculate the remainder when d is divided by 9.
8
Let l(a) = -8*a - 2. Let i(o) = o - 5 - 18*o + 1. Let x(d) = 2*i(d) - 5*l(d). Calculate the remainder when 26 is divided by x(2).
12
Suppose -12*x + 9*x + 4*i - 82 = 0, -5*x + 3*i = 133. Let u = x - -254. Calculate the remainder when u is divided by 46.
44
Suppose 63 = 4*j - 3*s + 36, 6 = -3*j - 3*s. Calculate the remainder when 122 is divided by j.
2
Let c = -9 - -8. Let a be 5 + -1 + (c - 0). Suppose -5*v - a*r = 1, 0 = v + 4*r - 0*r + 7. What is the remainder when 3 is divided by v?
0
Let a(z) = -9*z - 6. Let h(x) = -20*x**3 - x**2 + 1. Let o be h(-1). Let c = o + -24. Calculate the remainder when a(c) is divided by 16.
14
Let s(w) = w + 3. Let l be s(2). Suppose 20 = -l*k + 9*k. Suppose -55 = -k*b - 0*b. Calculate the remainder when 21 is divided by b.
10
Suppose 0*t - 12 = -4*t. Let r be (-91)/(-21) - (-2)/t. Suppose -r*l + 59 + 26 = 0. What is the remainder when 49 is divided by l?
15
Suppose -14*f = -93 - 229. What is the remainder when (632/6)/((-2)/(-3)) is divided by f?
20
Let j be 8/(-12)*-3 - -16. Let o be 741/j + (-1)/6. Suppose 0 = 4*l - 8, -o = -5*i + 2*l. What is the remainder when 24 is divided by i?
6
Calculate the remainder when (-1468)/(-36) + (2 - 32/18) is divided by 5.
1
Suppose -3*o + 15*o - 48 = 0. Let s(n) = -n**2 - 7*n - 6. Calculate the remainder when o is divided by s(-5).
0
Let q(f) = f**2 + 15*f + 42. What is the remainder when 393 is divided by q(-12)?
3
Let m(k) = k**3 + 23*k**2 - 7*k - 152. Calculate the remainder when 43 is divided by m(-23).
7
Let w(a) = -a**2 + 23*a + 5. Calculate the remainder when w(12) is divided by 10.
7
Let m(s) = 40*s**3 + 2*s**2 - 2*s + 1. Let c be 4/6 - 2/(-6). Calculate the remainder when m(c) is divided by 12 + (36/(-4))/(-3).
11
Let g(o) be the second derivative of -o**5/20 - 2*o**4/3 - o**3/6 + 5*o**2/2 - 21*o. Calculate the remainder when 22 is divided by g(-8).
9
Suppose 0 = 12*o + o - 2054. What is the remainder when o is divided by 43?
29
Let o(y) be the first derivative of -29*y**2/2 - 14*y - 5. Calculate the remainder when o(-6) is divided by 18.
16
Suppose 0*f + 60 = 3*f. Let t be 35*(0 + 0 + -3 + 4). Suppose 0 = 39*j - t*j - 152. Calculate the remainder when j is divided by f.
18
Suppose -2*k + 28 + 4 = 0. Let m(g) = -g**2 + 1. Let r be m(-1). Suppose r = -4*x + 8*x - 248. Calculate the remainder when x is divided by k.
14
Calculate the remainder when 236 is divided by (-351)/26*(3 + -2 + -7).
74
Suppose -2*g + 3*w = -112 - 45, -w = -5*g + 412. What is the remainder when g is divided by 28?
27
Let g = 14 - 2. Suppose 13 = 5*m + 38, 0 = 3*z - 2*m - 148. What is the remainder when z is divided by g?
10
Suppose -2*t - 3*t + 60 = 0. Let z = -6 + 64. Let l = z - 12. Calculate the remainder when l is divided by t.
10
Suppose -5*n - 356 = 2*b, 0*n + 3*b = n + 78. Let a = -32 - n. What is the remainder when a is divided by 21?
19
Let f = -1171 + 1674. Calculate the remainder when f is divided by 24.
23
Let r(i) = -16*i**3 + 1. Let b be r(-1). Let j = -26 + b. Let v = 22 + j. What is the remainder when v is divided by 7?
6
Suppose 0 = -k - 5*v + 8, -4*k + 9 = -v - 2. Suppose -b = -3*c - 58, 3*b + k*c - 71 = 67. What is the remainder when b is divided by 13?
10
Let w = 2717 - 2350. What is the remainder when w is divided by 28?
3
Let v(s) = 2*s**2 + 115*s - 758. What is the remainder when v(-64) is divided by -2 - (-16 + (3 - 2))?
9
Let t(b) = -b**3 + 5*b**2 + b - 2. Let a(l) be the second derivative of 3*l**3/2 - 11*l**2/2 - 4*l. Calculate the remainder when a(5) is divided by t(4).
16
Let i(v) = 2*v**2 - 35*v - 14. Let u be i(18). Suppose -39 = -5*r - u*q, -3*r + 6*r + 4*q - 17 = 0. What is the remainder when 38 is divided by r?
5
Suppose 2*o + 11 = 3*o. What is the remainder when (1 - -25)*55/22 is divided by o?
10
Suppose 2*b - 55 = -5*